(d). Calculate s(20).
-4
Let c(f) be the first derivative of -11/3*f**3 + 4*f**2 + 8*f - 94 + 1/4*f**4. Calculate c(10).
-12
Let x be 3 + (-3 - (-15)/3). Suppose x*h - 21 - 14 = -4*c, c = 2*h - 14. Let r(k) = 1 - 13 + k**2 + 8*k + h + 7. Calculate r(-3).
-13
Suppose -4386*h + 450 = -4436*h. Let n(k) be the first derivative of -k**4/4 - 10*k**3/3 - 6*k**2 - 10*k - 4. What is n(h)?
17
Let i = 18 + -25. Suppose 63 = 3*y + 4*y. Let j(a) = 12*a + 13*a - 17*a + y - 2*a**2 + 3*a**2. Give j(i).
2
Let a = 1403 - 1405. Let b(w) = 4*w**2 - 6. Determine b(a).
10
Suppose 3*t = -9, 4*k - 4*t = -t - 1471. Let q = k - -360. Let j(g) = -g**2 - 10*g + 3. What is j(q)?
3
Let g(d) = -d**3 + 18. Suppose -4*z = 4*m - 12, 3*z + 3*m = 6*z - 9. Suppose 0 = -z*y - 3*p - 12, 6*p = -4*y + 8*p + 8. Determine g(y).
18
Suppose -i + 428 = 3*n + 510, 4*n + 3*i + 116 = 0. Let g(q) = q**2 + 27*q + 4. Determine g(n).
-22
Let j(s) = 5*s + 16 + 1211116*s**2 - 7*s**3 + 6*s**3 + 2*s**3 - 1211105*s**2. What is j(-11)?
-39
Let i(f) = -3*f**3 - 129*f**2 - 36*f - 120. Let h(x) = x**3 + 43*x**2 + 13*x + 40. Let n(d) = 11*h(d) + 4*i(d). Determine n(-43).
3
Let g be 20/3*(-870)/10. Let t = g + 577. Let o(k) = -k**3 - 4*k**2 - k + 3. Calculate o(t).
-3
Let r(b) = 2*b**2 + 4*b + 6. Let i be r(-5). Suppose -30 = -k + 5*n, -15 = 4*k + n - 156. Let c = k - i. Let m(d) = -d - 2. Determine m(c).
-1
Let q be ((-376)/32)/(-4*3/(-96)). Let n = q + 83. Let i(g) = g**2 + 11*g - 6. Determine i(n).
-6
Let x be 177/7 - 12/42. Suppose -40 = -8*b + 5*b - 4*c, 10 = b - 2*c. Let u(h) = -2*h - 2*h + 11*h**2 - x*h**2 + b*h**2. Give u(-4).
-16
Let r(v) = v**2 + 10*v + 6. Let x(d) = 2*d**2 + 2. Suppose -2*u = -4*p + 63 - 53, -5*p - 5*u - 10 = 0. Let n(i) = p*r(i) - x(i). Determine n(10).
4
Let w(n) = -29*n + 6. Let k(i) = -53*i + 11. Let j(x) = 6*k(x) - 11*w(x). Suppose 4*s = -2 + 14. What is j(s)?
3
Let g be 29 - (-1)/(3/9). Let v = g - 32. Let q(c) be the third derivative of c**4/24 + 5*c**3/6 - 7*c**2. Determine q(v).
5
Suppose -3*w + 190 - 22 = 0. Let t = 66 - w. Let g(y) = -y**3 + 10*y**2 + y - 14. What is g(t)?
-4
Let i = -38 + 40. Let x(j) = -4*j**2 + 4 - 4*j**3 - 3*j**2 + 3*j**i + 3*j**3. Let v be (3 - (3 - 2)) + -6. Give x(v).
4
Let z(d) = 3*d + 13 + 15*d - 23 + 5 - 14*d. Let y(i) = -i**3 - 6*i**2 + 7*i + 9. Let f be y(-7). Give z(f).
31
Let p(a) = a + 7. Let b be p(11). Suppose 6*q = b*q - 60. Suppose 0 = -3*l - q*s + 2 + 25, 0 = 3*l - 3*s - 3. Let v(t) = t**2 - 5*t + 4. Determine v(l).
0
Let x(v) = 5*v - 48. Let j be (-24)/18*792/(-96). What is x(j)?
7
Let p(z) = 4*z - 29. Let g be (-1463)/(-161) - 10/115. Let c be p(g). Let m(b) = b - 1. What is m(c)?
6
Let u(l) = 4*l**2 + 18*l - 14. Let g(b) = b**3 + 46*b**2 + 268*b - 200. Let w be g(-39). Calculate u(w).
-4
Suppose -2*d = 0, -5*z + 2*d + 15 = 4*d. Suppose -z*m = -16*m + 13. Let f(k) = -5*k**3 - k + 1. What is f(m)?
-5
Let p(s) = 4*s**2 - 2*s + 8. Let n(m) = 5*m**2 - 2*m + 6. Let h(z) = n(z) - p(z). Let y = 4 + 0. What is h(y)?
14
Let o(d) = 5*d**3 - d**2 + 4*d + 4. Suppose 100*b - 56*b + 342 = -127*b. What is o(b)?
-48
Let s = 165 + -21. Suppose -30*c - 6*c = s. Let i(a) = -a**3 - 4*a**2 - 3*a + 1. Give i(c).
13
Let r(s) = 2*s - 2. Let z(y) = 4*y**2 + 13*y. Suppose -f = -5*q - 19, -4*f + f + 18 = -2*q. Let d be z(q). Determine r(d).
-8
Let f(g) = g**2 + 9*g + 3. Let o(h) be the first derivative of -h**4/4 - 17*h**3/3 - 7*h + 119. Let p be o(-17). Give f(p).
-11
Let h(b) = 5*b**2 + 2*b + 3. Suppose -2*y + 7*y = 10. Suppose -9 = y*r + v, 9*v = 2*r + 4*v - 21. Give h(r).
19
Suppose 0 = 11*b + 392 - 62. Let c be (6/(-5))/(162/b - -5). Let i(l) = l**3 - 5*l**2 + 3*l. Give i(c).
-9
Suppose -4*w + 7*w = -4*b + 12, 0 = -2*b. Suppose -5 + 17 = w*o. Suppose -o*r - 19 = -4. Let l(t) = -t**3 - 4*t**2 + 3*t - 6. What is l(r)?
4
Let p = -9 - -9. Let s(m) = -m**3 + 4*m**2 - m - 4. Let x be s(3). Let z(n) = 35 - 46 + 55*n**2 - 56*n**x. What is z(p)?
-11
Let s(f) = 13*f - 23. Let l be s(2). Let r be 3 + -8 + l - (2 - 5). Let y(i) = 2*i**2 + 2*i - 1. Calculate y(r).
3
Let j = 4449 + -4439. Let h(w) = w - 14. What is h(j)?
-4
Let h(c) = -c**2 + 7*c - 12. Let k(g) = g**2 - 21*g - 84. Let a be k(24). Let q be (-69)/a - (-2)/8. What is h(q)?
-6
Let q(l) = -l - 1. Suppose x + 4*x = 15. Let z be q(x). Let d(h) be the second derivative of h**3/6 + 3*h**2/2 - 35*h. Determine d(z).
-1
Suppose 41*r + 192 = 57*r. Let z(b) = -3*b**3 + 37*b**2 - 15*b + 34. Determine z(r).
-2
Let p be (-2 - (-14)/3)*((-5049)/(-132))/(-51). Let w(z) = 4*z**3 + 3*z**2 + 2*z - 1. Calculate w(p).
-25
Suppose -3*a + t = -2, 354 = -5*a + 3*t + 348. Let r(j) = j**2 - 3*j - 2. Determine r(a).
-2
Let p(g) = -82661 - 55*g + 82661 - 2*g**2. Give p(-28).
-28
Suppose -2*s = -6*s. Let a(h) be the third derivative of -h**4/24 - h**3 + 154*h**2. What is a(s)?
-6
Let y(j) = -9*j. Suppose -i = -5*i. Suppose i = 9*p - 7*p - 4. Suppose -2*k + p = -0*k. What is y(k)?
-9
Suppose 2*z = 42*d - 38*d, 0 = 5*z - 3*d. Suppose z = -w - 2*s, -w = 3*s + 1 + 1. Let f(l) = -3*l**3 + 2 + 2*l**3 + 5*l**2 - 4 - 2*l. Determine f(w).
6
Let r(m) = m**3 + 5*m**2 - 13*m - 69. Suppose -4*a = -5*n - 5, 3*n + 4*a + 20 = -15. What is r(n)?
-4
Let g(j) be the third derivative of -1/20*j**6 + 1/12*j**4 + 0*j + 0 + 0*j**3 + 138*j**2 - 1/60*j**5. Calculate g(1).
-5
Let y(t) = -415366 - 415349 + 830706 - 34*t - 3*t**2. Give y(-9).
54
Suppose -64*x = -12*x - 10192. Let k(p) = -p**2 + 2*p**2 + 10*p + x - 196. Calculate k(-7).
-21
Let j(u) be the third derivative of -37*u**4/6 + 295*u**3/2 + 74*u**2 - 3*u - 3. Give j(6).
-3
Let j(c) be the first derivative of c**4/4 - 6*c**3 + 3*c**2/2 - 43*c - 1876. Give j(18).
11
Suppose -2228 = 4*q + 2*g, 3*q - 77 = -5*g - 1748. Let y = 561 + q. Let l(b) = -b**3 + 3*b**2 + b - 3. What is l(y)?
-15
Let u(v) = -v - 1. Let z(q) = -3*q - 4. Let t(y) = 17*u(y) - 6*z(y). Suppose -f + 1 = 8. Let h be f/14 + (-13)/(-2). Calculate t(h).
13
Let h(n) = -3*n + 25 + 30 + 2*n + 37 - 100. Suppose -5*k + 7 = -3. Suppose k*q = 4*q. Give h(q).
-8
Let j(b) = 8*b**2 - 4*b - 3. Suppose -w + 11207 - 11209 = 0. Give j(w).
37
Let x(u) = u**2 - 2*u + 6. Let z = -103 + 106. Suppose 2*l = -z*b + 1, 13*l - 15*l + 4*b + 22 = 0. Calculate x(l).
21
Let x(o) = o + 14. Let u be (3/(-2))/(2 + (-44)/16). Let v be ((-4)/u)/(3/6). Let l be v/(-3)*60/(-8). Determine x(l).
4
Suppose -4*t + 9 - 1 = 0. Let q(i) be the third derivative of i**5/60 + i**4/24 + i**3/3 - 3*i**2 + 57. Give q(t).
8
Let n be ((6/(-4))/(-1))/(13/156). Suppose -n*k = -22*k + 24. Let s(a) = 0*a - 6 - 2 - 11*a**2 + a + 17*a**2 - a**3. Give s(k).
-2
Let j(p) = -p + 0*p - p + 6725 - 6723 - p. Determine j(4).
-10
Let y(w) = w**2 + 14*w + 24. Let i be y(-12). Suppose 5*s - 6*s + 5*s = i. Let u(v) = v**3 - v**2 - 6. What is u(s)?
-6
Let f(y) be the first derivative of -y**3/3 + 9*y**2/2 - 405. Give f(9).
0
Suppose -30 = -464*d + 469*d. Let s(f) be the third derivative of f**6/120 + f**5/10 - f**4/24 + f**3/2 - 5*f**2. What is s(d)?
9
Let u = 13 + -6. Suppose -u*x + 6 = -8. Let z(c) = 6*c + 6*c - 11*c + 4 - x. Determine z(0).
2
Let g(w) be the second derivative of 17*w**3/6 - w**2/2 - 48*w. Suppose 8*u = 6*u + 2. Determine g(u).
16
Let w(s) = -2*s**2 + 3 - 3 + s + 3 - 10*s - 4. Give w(-3).
8
Let z be ((-56)/10 - (-62 + 57))*(9 - -1). Let h(a) = -a**3 - 9*a**2 - 18*a + 10. Determine h(z).
10
Let r(q) = -20*q**3 + 18*q**2 + 14*q + 19. Let s(w) = 7*w**3 - 6*w**2 - 5*w - 6. Let v(c) = -6*r(c) - 17*s(c). Let h be (3/(-5))/(-3) - 29/(-5). What is v(h)?
-6
Let k(c) = -3*c**2 + 9*c + 7. Let g be k(4). Let w(s) = s + 5. Let x be w(0). Let m(i) = x + i + 2 + 5. Determine m(g).
7
Let p(g) = 2*g - 24. Let t be p(13). Let z(l) = -125*l**2 - l + 126*l**t - 2*l - 5*l - 11. Let s = 34 - 25. Determine z(s).
-2
Let c(p) = -5*p**3 + p - 6. Let n(d) = d**3 + d**2 - d + 2. Let j(w) = 2*w + 1. Let o be j(0). Let y(t) = o*c(t) + 3*n(t). What is y(2)?
-8
Let i(v) = v**2 + 10*v + 4. Let c(h) = -69*h + 52. Let z be c(13). Let y be ((-1)/(-3))/(z/105 - -8). Give i(y).
-17
Let k(i) be the second derivative of -i**4/12 + 3*i**3/2 - 4*i**2 - 48*i - 1. Give k(14).
-78
Let j be (73/2)/(3*7/(-42)). Let h = 80 + j. Let a(k) = -8*k**3 - 8*k + 3*k + h*k**3 + 3 + 6*k**2. What is a(5)?
3
Suppose 7*g - 6*g + 4*n - 32 = 